{"id":2,"date":"2024-04-26T00:19:23","date_gmt":"2024-04-26T00:19:23","guid":{"rendered":"https:\/\/gpssolutionsgdl.com\/?page_id=2"},"modified":"2024-05-03T17:53:27","modified_gmt":"2024-05-03T17:53:27","slug":"nosotros","status":"publish","type":"page","link":"https:\/\/gpssolutionsgdl.com\/index.php\/nosotros\/","title":{"rendered":"\u00bfQUI\u00c9NES SOMOS?"},"content":{"rendered":"\n<p class=\"has-text-align-center has-button-primary-color has-text-color has-link-color wp-elements-0ba78349671cb725a727a0ac2b47e289\" style=\"font-size:53px\"><strong>Somos una empresa con mas de 10 a\u00f1os de experiencia<\/strong><\/p>\n\n\n\n<div class=\"wp-block-columns is-layout-flex wp-container-core-columns-is-layout-28f84493 wp-block-columns-is-layout-flex\">\n<div class=\"wp-block-column is-layout-flow wp-block-column-is-layout-flow\" style=\"flex-basis:100%\">\n<div class=\"wp-block-columns is-layout-flex wp-container-core-columns-is-layout-28f84493 wp-block-columns-is-layout-flex\">\n<div class=\"wp-block-column is-vertically-aligned-center is-layout-flow wp-block-column-is-layout-flow\" style=\"flex-basis:100%\">\n<div class=\"wp-block-group is-style-default is-layout-flow wp-block-group-is-layout-flow\">\n<div class=\"wp-block-columns is-layout-flex wp-container-core-columns-is-layout-28f84493 wp-block-columns-is-layout-flex\">\n<div class=\"wp-block-column is-vertically-aligned-center is-layout-flow wp-block-column-is-layout-flow\" style=\"flex-basis:66.66%\">\n<p>Ofrecemos equipos para seguridad vehicular, tales como localizadores GPS, c\u00e1maras con comunicaci\u00f3n bidireccional, inmovilizadores de presencia, entre otros.<\/p>\n\n\n\n<p>En un mundo cada vez m\u00e1s conectado y con la movilidad como una necesidad constante, la tecnolog\u00eda de localizaci\u00f3n GPS se ha vuelto fundamental en numerosos sectores, desde la gesti\u00f3n de flotas hasta la seguridad personal.<\/p>\n<\/div>\n\n\n\n<div class=\"wp-block-column is-layout-flow wp-block-column-is-layout-flow\" style=\"flex-basis:33.33%\">\n<figure class=\"wp-block-image aligncenter size-full is-resized\"><img loading=\"lazy\" decoding=\"async\" width=\"712\" height=\"283\" src=\"https:\/\/gpssolutionsgdl.com\/wp-content\/uploads\/2024\/04\/trabajando.png\" alt=\"\" class=\"wp-image-97\" style=\"width:502px;height:auto\" srcset=\"https:\/\/gpssolutionsgdl.com\/wp-content\/uploads\/2024\/04\/trabajando.png 712w, https:\/\/gpssolutionsgdl.com\/wp-content\/uploads\/2024\/04\/trabajando-300x119.png 300w\" sizes=\"auto, (max-width: 712px) 100vw, 712px\" \/><\/figure>\n<\/div>\n<\/div>\n\n\n\n<div class=\"wp-block-columns are-vertically-aligned-center is-layout-flex wp-container-core-columns-is-layout-28f84493 wp-block-columns-is-layout-flex\">\n<div class=\"wp-block-column is-vertically-aligned-center is-layout-flow wp-block-column-is-layout-flow\" style=\"flex-basis:33.33%\">\n<figure class=\"wp-block-image size-full\"><img loading=\"lazy\" decoding=\"async\" width=\"767\" height=\"462\" src=\"https:\/\/gpssolutionsgdl.com\/wp-content\/uploads\/2024\/04\/image1-4.png\" alt=\"\" class=\"wp-image-102\" srcset=\"https:\/\/gpssolutionsgdl.com\/wp-content\/uploads\/2024\/04\/image1-4.png 767w, https:\/\/gpssolutionsgdl.com\/wp-content\/uploads\/2024\/04\/image1-4-300x181.png 300w\" sizes=\"auto, (max-width: 767px) 100vw, 767px\" \/><\/figure>\n<\/div>\n\n\n\n<div class=\"wp-block-column is-vertically-aligned-center is-layout-flow wp-block-column-is-layout-flow\" style=\"flex-basis:66.66%\">\n<p class=\"has-text-align-left\">Por tal motivo ofrecemos herramientas innovadoras para proteger sus activos m\u00e1s valiosos: sus veh\u00edculos y su personal.<\/p>\n\n\n\n<p>Estos dispositivos utilizan tecnolog\u00eda GPS para rastrear la ubicaci\u00f3n exacta de cualquier objeto, veh\u00edculo o persona en tiempo real, con una precisi\u00f3n sin precedentes.<\/p>\n\n\n\n<p>Nuestras soluciones integrales de localizaci\u00f3n GPS, c\u00e1maras con GPS e inmovilizadores de presencia representan una inversi\u00f3n clave para mejorar la seguridad y eficiencia en la gesti\u00f3n de flotas empresariales. <\/p>\n<\/div>\n<\/div>\n<\/div>\n<\/div>\n<\/div>\n<\/div>\n<\/div>\n\n\n\n<div class=\"wp-block-columns are-vertically-aligned-bottom is-layout-flex wp-container-core-columns-is-layout-28f84493 wp-block-columns-is-layout-flex\">\n<div class=\"wp-block-column is-vertically-aligned-bottom is-layout-flow wp-block-column-is-layout-flow\"><\/div>\n\n\n\n<div class=\"wp-block-column is-vertically-aligned-bottom is-layout-flow wp-block-column-is-layout-flow\"><\/div>\n\n\n\n<div class=\"wp-block-column is-vertically-aligned-bottom is-layout-flow wp-block-column-is-layout-flow\"><\/div>\n<\/div>\n\n\n\n<p><\/p>\n\n\n\n<blockquote class=\"wp-block-quote is-layout-flow wp-block-quote-is-layout-flow\">\n<p><\/p>\n\n\n\n<p class=\"has-text-align-center has-button-primary-color has-text-color has-link-color wp-elements-a3e665fde16c565cab82fa6839364399\" style=\"font-size:32px\">Estamos comprometidos a brindar productos de calidad y un servicio excepcional para ayudar a su empresa a alcanzar sus objetivos<\/p>\n\n\n\n<div class=\"wp-block-columns is-layout-flex wp-container-core-columns-is-layout-28f84493 wp-block-columns-is-layout-flex\">\n<div class=\"wp-block-column is-layout-flow wp-block-column-is-layout-flow\">\n<figure class=\"wp-block-image aligncenter size-full\"><img loading=\"lazy\" decoding=\"async\" width=\"655\" height=\"154\" src=\"https:\/\/gpssolutionsgdl.com\/wp-content\/uploads\/2024\/04\/LOGO-SIN-FONDO.png\" alt=\"Descubre soluciones de seguridad avanzadas para carros y motocicletas en Seguridad Vehicular Total. Desde GPS precisos hasta c\u00e1maras de vigilancia y alarmas confiables, estamos aqu\u00ed para proteger lo que m\u00e1s importa: tu veh\u00edculo y tu tranquilidad en cada viaje.\" class=\"wp-image-21\" srcset=\"https:\/\/gpssolutionsgdl.com\/wp-content\/uploads\/2024\/04\/LOGO-SIN-FONDO.png 655w, https:\/\/gpssolutionsgdl.com\/wp-content\/uploads\/2024\/04\/LOGO-SIN-FONDO-300x71.png 300w\" sizes=\"auto, (max-width: 655px) 100vw, 655px\" \/><\/figure>\n<\/div>\n<\/div>\n\n\n\n<div class=\"wp-block-columns is-layout-flex wp-container-core-columns-is-layout-28f84493 wp-block-columns-is-layout-flex\">\n<div class=\"wp-block-column is-layout-flow wp-block-column-is-layout-flow\"><\/div>\n\n\n\n<div class=\"wp-block-column is-layout-flow wp-block-column-is-layout-flow\"><\/div>\n<\/div>\n<\/blockquote>\n","protected":false},"excerpt":{"rendered":"<p>Somos una empresa con mas de 10 a\u00f1os de experiencia Ofrecemos equipos para seguridad vehicular, [&hellip;]<\/p>\n","protected":false},"author":1,"featured_media":0,"parent":0,"menu_order":0,"comment_status":"closed","ping_status":"closed","template":"","meta":{"_seopress_robots_primary_cat":"","_seopress_titles_title":"Experiencia en Instalaci\u00f3n de GPS, Alarmas, Inmovilizadores","_seopress_titles_desc":"Nos apasiona proporcionar soluciones de seguridad de vanguardia para veh\u00edculos. Con a\u00f1os de experiencia.","_seopress_robots_index":"","_regular_price":[],"currency_symbol":[],"footnotes":""},"class_list":["post-2","page","type-page","status-publish","hentry"],"post_slider_layout_featured_media_urls":{"thumbnail":"","post_slider_layout_landscape_large":"","post_slider_layout_portrait_large":"","post_slider_layout_square_large":"","post_slider_layout_landscape":"","post_slider_layout_portrait":"","post_slider_layout_square":"","full":""},"_links":{"self":[{"href":"https:\/\/gpssolutionsgdl.com\/index.php\/wp-json\/wp\/v2\/pages\/2","targetHints":{"allow":["GET"]}}],"collection":[{"href":"https:\/\/gpssolutionsgdl.com\/index.php\/wp-json\/wp\/v2\/pages"}],"about":[{"href":"https:\/\/gpssolutionsgdl.com\/index.php\/wp-json\/wp\/v2\/types\/page"}],"author":[{"embeddable":true,"href":"https:\/\/gpssolutionsgdl.com\/index.php\/wp-json\/wp\/v2\/users\/1"}],"replies":[{"embeddable":true,"href":"https:\/\/gpssolutionsgdl.com\/index.php\/wp-json\/wp\/v2\/comments?post=2"}],"version-history":[{"count":41,"href":"https:\/\/gpssolutionsgdl.com\/index.php\/wp-json\/wp\/v2\/pages\/2\/revisions"}],"predecessor-version":[{"id":146,"href":"https:\/\/gpssolutionsgdl.com\/index.php\/wp-json\/wp\/v2\/pages\/2\/revisions\/146"}],"wp:attachment":[{"href":"https:\/\/gpssolutionsgdl.com\/index.php\/wp-json\/wp\/v2\/media?parent=2"}],"curies":[{"name":"wp","href":"https:\/\/api.w.org\/{rel}","templated":true}]}}