{"id":136,"date":"2024-05-03T19:29:08","date_gmt":"2024-05-03T19:29:08","guid":{"rendered":"https:\/\/gpssolutionsgdl.com\/?page_id=136"},"modified":"2024-05-03T19:52:58","modified_gmt":"2024-05-03T19:52:58","slug":"productos","status":"publish","type":"page","link":"https:\/\/gpssolutionsgdl.com\/index.php\/productos\/","title":{"rendered":"Productos"},"content":{"rendered":"\n<div class=\"wp-block-group is-layout-constrained wp-block-group-is-layout-constrained\">\n<div class=\"wp-block-columns are-vertically-aligned-center is-layout-flex wp-container-core-columns-is-layout-28f84493 wp-block-columns-is-layout-flex\">\n<div class=\"wp-block-column is-vertically-aligned-center is-layout-flow wp-block-column-is-layout-flow\">\n<figure class=\"wp-block-image aligncenter size-full is-resized\"><img loading=\"lazy\" decoding=\"async\" width=\"256\" height=\"256\" src=\"https:\/\/gpssolutionsgdl.com\/wp-content\/uploads\/2024\/05\/satelite-2.png\" alt=\"\" class=\"wp-image-191\" style=\"width:200px\" srcset=\"https:\/\/gpssolutionsgdl.com\/wp-content\/uploads\/2024\/05\/satelite-2.png 256w, https:\/\/gpssolutionsgdl.com\/wp-content\/uploads\/2024\/05\/satelite-2-150x150.png 150w\" sizes=\"auto, (max-width: 256px) 100vw, 256px\" \/><\/figure>\n\n\n\n<p class=\"has-text-align-center has-button-primary-color has-text-color has-link-color has-content-heading-font-size wp-elements-1002e96247095ae8dc2937a7aa1f2935\"><strong>LOCALIZADOR GPS<\/strong><\/p>\n\n\n\n<p class=\"has-text-align-center\">Mas Informaci\u00f3n<\/p>\n\n\n\n<figure class=\"wp-block-image aligncenter size-full is-resized\"><a href=\"https:\/\/api.whatsapp.com\/send?phone=+523329420043&amp;text=Quiero%20mas%20informaci%C3%B3n%20sobre%20el%20GPS%20Veh%C3%ADcular\"><img loading=\"lazy\" decoding=\"async\" width=\"512\" height=\"512\" src=\"https:\/\/gpssolutionsgdl.com\/wp-content\/uploads\/2024\/05\/logowhats-2.png\" alt=\"\" class=\"wp-image-196\" style=\"width:32px;height:auto\" srcset=\"https:\/\/gpssolutionsgdl.com\/wp-content\/uploads\/2024\/05\/logowhats-2.png 512w, https:\/\/gpssolutionsgdl.com\/wp-content\/uploads\/2024\/05\/logowhats-2-300x300.png 300w, https:\/\/gpssolutionsgdl.com\/wp-content\/uploads\/2024\/05\/logowhats-2-150x150.png 150w\" sizes=\"auto, (max-width: 512px) 100vw, 512px\" \/><\/a><\/figure>\n<\/div>\n\n\n\n<div class=\"wp-block-column is-vertically-aligned-center is-layout-flow wp-block-column-is-layout-flow\">\n<div class=\"wp-block-columns is-layout-flex wp-container-core-columns-is-layout-28f84493 wp-block-columns-is-layout-flex\">\n<div class=\"wp-block-column is-layout-flow wp-block-column-is-layout-flow\">\n<figure class=\"wp-block-image aligncenter size-full is-resized\"><img loading=\"lazy\" decoding=\"async\" width=\"256\" height=\"256\" src=\"https:\/\/gpssolutionsgdl.com\/wp-content\/uploads\/2024\/05\/camara-web-2.png\" alt=\"\" class=\"wp-image-192\" style=\"width:200px\" srcset=\"https:\/\/gpssolutionsgdl.com\/wp-content\/uploads\/2024\/05\/camara-web-2.png 256w, https:\/\/gpssolutionsgdl.com\/wp-content\/uploads\/2024\/05\/camara-web-2-150x150.png 150w\" sizes=\"auto, (max-width: 256px) 100vw, 256px\" \/><\/figure>\n\n\n\n<p class=\"has-text-align-center has-button-primary-color has-text-color has-link-color has-content-heading-font-size wp-elements-a6cc30370ace8a2fd5a4df245bbfae2c\"><strong>DASH CAM GPS<\/strong><\/p>\n\n\n\n<p class=\"has-text-align-center\">Mas Informaci\u00f3n<\/p>\n\n\n\n<figure class=\"wp-block-image aligncenter size-full is-resized\"><a href=\"https:\/\/api.whatsapp.com\/send?phone=+523329420043&amp;text=Quiero%20mas%20informaci%C3%B3n%20sobre%20la%20Dash%20Cam%20GPS\"><img loading=\"lazy\" decoding=\"async\" width=\"512\" height=\"512\" src=\"https:\/\/gpssolutionsgdl.com\/wp-content\/uploads\/2024\/05\/logowhats-2.png\" alt=\"\" class=\"wp-image-196\" style=\"width:32px\" srcset=\"https:\/\/gpssolutionsgdl.com\/wp-content\/uploads\/2024\/05\/logowhats-2.png 512w, https:\/\/gpssolutionsgdl.com\/wp-content\/uploads\/2024\/05\/logowhats-2-300x300.png 300w, https:\/\/gpssolutionsgdl.com\/wp-content\/uploads\/2024\/05\/logowhats-2-150x150.png 150w\" sizes=\"auto, (max-width: 512px) 100vw, 512px\" \/><\/a><\/figure>\n<\/div>\n<\/div>\n<\/div>\n\n\n\n<div class=\"wp-block-column is-vertically-aligned-center is-layout-flow wp-block-column-is-layout-flow\">\n<figure class=\"wp-block-image aligncenter size-full is-resized\"><img loading=\"lazy\" decoding=\"async\" width=\"256\" height=\"256\" src=\"https:\/\/gpssolutionsgdl.com\/wp-content\/uploads\/2024\/05\/candado-1.png\" alt=\"\" class=\"wp-image-193\" style=\"width:200px\" srcset=\"https:\/\/gpssolutionsgdl.com\/wp-content\/uploads\/2024\/05\/candado-1.png 256w, https:\/\/gpssolutionsgdl.com\/wp-content\/uploads\/2024\/05\/candado-1-150x150.png 150w\" sizes=\"auto, (max-width: 256px) 100vw, 256px\" \/><\/figure>\n\n\n\n<p class=\"has-text-align-center has-button-primary-color has-text-color has-link-color has-content-heading-font-size wp-elements-b05e81df15d65bd8decda7358db46ac2\"><strong>INMOVILIZADOR PARA MOTO<\/strong><\/p>\n\n\n\n<p class=\"has-text-align-center\">Mas Informaci\u00f3n<\/p>\n\n\n\n<figure class=\"wp-block-image aligncenter size-full is-resized\"><a href=\"https:\/\/api.whatsapp.com\/send?phone=+523329420043&amp;text=Quiero%20mas%20informaci%C3%B3n%20sobre%20el%20Inmovilizador%20para%20Motos\"><img loading=\"lazy\" decoding=\"async\" width=\"512\" height=\"512\" src=\"https:\/\/gpssolutionsgdl.com\/wp-content\/uploads\/2024\/05\/logowhats-2.png\" alt=\"\" class=\"wp-image-196\" style=\"width:32px\" srcset=\"https:\/\/gpssolutionsgdl.com\/wp-content\/uploads\/2024\/05\/logowhats-2.png 512w, https:\/\/gpssolutionsgdl.com\/wp-content\/uploads\/2024\/05\/logowhats-2-300x300.png 300w, https:\/\/gpssolutionsgdl.com\/wp-content\/uploads\/2024\/05\/logowhats-2-150x150.png 150w\" sizes=\"auto, (max-width: 512px) 100vw, 512px\" \/><\/a><\/figure>\n<\/div>\n\n\n\n<div class=\"wp-block-column is-vertically-aligned-center is-layout-flow wp-block-column-is-layout-flow\">\n<figure class=\"wp-block-image aligncenter size-full is-resized\"><img loading=\"lazy\" decoding=\"async\" width=\"256\" height=\"256\" src=\"https:\/\/gpssolutionsgdl.com\/wp-content\/uploads\/2024\/05\/coche-cerrado-1.png\" alt=\"\" class=\"wp-image-194\" style=\"width:200px\" srcset=\"https:\/\/gpssolutionsgdl.com\/wp-content\/uploads\/2024\/05\/coche-cerrado-1.png 256w, https:\/\/gpssolutionsgdl.com\/wp-content\/uploads\/2024\/05\/coche-cerrado-1-150x150.png 150w\" sizes=\"auto, (max-width: 256px) 100vw, 256px\" \/><\/figure>\n\n\n\n<p class=\"has-text-align-center has-button-primary-color has-text-color has-link-color has-content-heading-font-size wp-elements-ea7974b07c913c3f19c01a21787f3071\"><strong>INMOVILIZADOR PARA AUTO<\/strong><\/p>\n\n\n\n<p class=\"has-text-align-center\">Mas Informaci\u00f3n<\/p>\n\n\n\n<figure class=\"wp-block-image aligncenter size-full is-resized\"><a href=\"https:\/\/api.whatsapp.com\/send?phone=+523329420043&amp;text=Quiero%20mas%20informaci%C3%B3n%20sobre%20el%20Inmovilizador%20para%20Automovil\"><img loading=\"lazy\" decoding=\"async\" width=\"512\" height=\"512\" src=\"https:\/\/gpssolutionsgdl.com\/wp-content\/uploads\/2024\/05\/logowhats-2.png\" alt=\"\" class=\"wp-image-196\" style=\"width:32px\" srcset=\"https:\/\/gpssolutionsgdl.com\/wp-content\/uploads\/2024\/05\/logowhats-2.png 512w, https:\/\/gpssolutionsgdl.com\/wp-content\/uploads\/2024\/05\/logowhats-2-300x300.png 300w, https:\/\/gpssolutionsgdl.com\/wp-content\/uploads\/2024\/05\/logowhats-2-150x150.png 150w\" sizes=\"auto, (max-width: 512px) 100vw, 512px\" \/><\/a><\/figure>\n<\/div>\n<\/div>\n<\/div>\n","protected":false},"excerpt":{"rendered":"<p>LOCALIZADOR GPS Mas Informaci\u00f3n DASH CAM GPS Mas Informaci\u00f3n INMOVILIZADOR PARA MOTO Mas Informaci\u00f3n INMOVILIZADOR [&hellip;]<\/p>\n","protected":false},"author":1,"featured_media":0,"parent":0,"menu_order":0,"comment_status":"closed","ping_status":"closed","template":"blog-sidebar-on-right","meta":{"_seopress_robots_primary_cat":"","_seopress_titles_title":"GPS Vehiculares en Guadalajara","_seopress_titles_desc":"Productos de vanguardia para mejorar la seguridad de tu veh\u00edculo. GPS Vehiculares y sistemas de inmovilizaci\u00f3n","_seopress_robots_index":"","_regular_price":[],"currency_symbol":[],"footnotes":""},"class_list":["post-136","page","type-page","status-publish","hentry"],"post_slider_layout_featured_media_urls":{"thumbnail":"","post_slider_layout_landscape_large":"","post_slider_layout_portrait_large":"","post_slider_layout_square_large":"","post_slider_layout_landscape":"","post_slider_layout_portrait":"","post_slider_layout_square":"","full":""},"_links":{"self":[{"href":"https:\/\/gpssolutionsgdl.com\/index.php\/wp-json\/wp\/v2\/pages\/136","targetHints":{"allow":["GET"]}}],"collection":[{"href":"https:\/\/gpssolutionsgdl.com\/index.php\/wp-json\/wp\/v2\/pages"}],"about":[{"href":"https:\/\/gpssolutionsgdl.com\/index.php\/wp-json\/wp\/v2\/types\/page"}],"author":[{"embeddable":true,"href":"https:\/\/gpssolutionsgdl.com\/index.php\/wp-json\/wp\/v2\/users\/1"}],"replies":[{"embeddable":true,"href":"https:\/\/gpssolutionsgdl.com\/index.php\/wp-json\/wp\/v2\/comments?post=136"}],"version-history":[{"count":27,"href":"https:\/\/gpssolutionsgdl.com\/index.php\/wp-json\/wp\/v2\/pages\/136\/revisions"}],"predecessor-version":[{"id":226,"href":"https:\/\/gpssolutionsgdl.com\/index.php\/wp-json\/wp\/v2\/pages\/136\/revisions\/226"}],"wp:attachment":[{"href":"https:\/\/gpssolutionsgdl.com\/index.php\/wp-json\/wp\/v2\/media?parent=136"}],"curies":[{"name":"wp","href":"https:\/\/api.w.org\/{rel}","templated":true}]}}